ANNUAL CLIMATOLOGICAL SUMMARY 2024
NAME: Ion S‡nchez Carballo CITY: STATE:
ELEV: LAT: LONG:
TEMPERATURE ¡C HEAT BASE 18.3 COOL BASE 18.3
YR | MO | MEAN MAX | MEAN MIN | MEAN | DEP FROM NORM | HEAT DEG DAYS | COOL DEG DAYS | HI | HI DATE | LOW | LOW DATE | MAX >= 90 | MAX <= 32 | MIN <= 32 | MIN <= 0 |
2024 | 1 | 9.1 | -2.2 | 3.4 | 0.0 | 460.7 | 0.0 | 18.8 | 25.0 | -11.6 | 13.0 | 0.0 | 0.0 | 19.0 | 0.0 |
2024 | 2 | 10.6 | 0.9 | 5.8 | 0.0 | 363.6 | 0.0 | 18.0 | 15.0 | -5.7 | 7.0 | 0.0 | 0.0 | 11.0 | 0.0 |
2024 | 3 | 12.3 | 1.6 | 6.9 | 0.0 | 352.8 | 0.0 | 24.2 | 22.0 | -4.7 | 6.0 | 0.0 | 0.0 | 8.0 | 0.0 |
2024 | 4 | 14.4 | 4.0 | 9.2 | 0.0 | 275.6 | 2.6 | 26.4 | 13.0 | -1.7 | 19.0 | 0.0 | 0.0 | 4.0 | 0.0 |
2024 | 5 | 16.4 | 4.9 | 10.7 | 0.0 | 114.7 | 0.0 | 26.3 | 11.0 | 0.2 | 3.0 | 0.0 | 0.0 | 0.0 | 0.0 |
2024 | 6 |
2024 | 7 |
2024 | 8 |
2024 | 9 |
2024 | 10 |
2024 | 11 |
2024 | 12 |
AVG | | 12.5 | 1.8 | 7.2 | 0.0 | 1567.4 | 2.6 | 26.4 | APR | -11.6 | JAN | 0.0 | 0.0 | 42.0 | 0.0 |
PRECIPITATION mmYR | MO | TOTAL | DEP FROM NORM | MAX OBS DAY | DATE | .2 | 2 | 20 |
2024 | 1 | 114.6 | 0.0 | 25.8 | 6.0 | 17.0 | 12.0 | 2.0 |
2024 | 2 | 301.0 | 0.0 | 90.4 | 27.0 | 18.0 | 15.0 | 4.0 |
2024 | 3 | 256.2 | 0.0 | 51.6 | 29.0 | 21.0 | 15.0 | 5.0 |
2024 | 4 | 81.6 | 0.0 | 21.0 | 27.0 | 14.0 | 10.0 | 1.0 |
2024 | 5 | 89.8 | 0.0 | 25.6 | 14.0 | 10.0 | 6.0 | 1.0 |
2024 | 6 | 0.0 | 0.0 | 0.0 | 1.0 | 0.0 | 0.0 | 0.0 |
2024 | 7 | 0.0 | 0.0 | 0.0 | 1.0 | 0.0 | 0.0 | 0.0 |
2024 | 8 | 0.0 | 0.0 | 0.0 | 1.0 | 0.0 | 0.0 | 0.0 |
2024 | 9 | 0.0 | 0.0 | 0.0 | 1.0 | 0.0 | 0.0 | 0.0 |
2024 | 10 | 0.0 | 0.0 | 0.0 | 1.0 | 0.0 | 0.0 | 0.0 |
2024 | 11 | 0.0 | 0.0 | 0.0 | 1.0 | 0.0 | 0.0 | 0.0 |
2024 | 12 | 0.0 | 0.0 | 0.0 | 1.0 | 0.0 | 0.0 | 0.0 |
AVG | | 843.2 | 0.0 | 90.4 | FEB | 80.0 | 58.0 | 13.0 |
WIND SPEED KM/HRYR | MO | AVG | HI | DATE | DOM DIR |
2024 | 1 | 2.6 | 49.9 | 18.0 | W |
2024 | 2 | 4.6 | 61.2 | 12.0 | W |
2024 | 3 | 3.0 | 49.9 | 28.0 | ESE |
2024 | 4 | 4.5 | 54.7 | 27.0 | NW |
2024 | 5 | 1.8 | 37.0 | 8.0 | NW |
2024 | 6 | 0.0 | 0.0 | 0.0 | ------- |
2024 | 7 | 0.0 | 0.0 | 0.0 | ------- |
2024 | 8 | 0.0 | 0.0 | 0.0 | ------- |
2024 | 9 | 0.0 | 0.0 | 0.0 | ------- |
2024 | 10 | 0.0 | 0.0 | 0.0 | ------- |
2024 | 11 | 0.0 | 0.0 | 0.0 | ------- |
2024 | 12 | 0.0 | 0.0 | 0.0 | ------- |
AVG | | 1.4 | 61.2 | FEB | W |